2?
2, 3, 241, 1559
What are the prime factors of 2740702?
2, 67, 113, 181
What are the prime factors of 2626903?
2626903
What are the prime factors of 22754251?
13, 47, 167, 223
List the prime factors of 182833.
7, 26119
What are the prime factors of 427524?
2, 3, 23, 1549
What are the prime factors of 83185?
5, 127, 131
What are the prime factors of 80797?
43, 1879
What are the prime factors of 236348?
2, 7, 23, 367
What are the prime factors of 7719804?
2, 3, 214439
What are the prime factors of 7603219?
13, 584863
What are the prime factors of 6457870?
2, 5, 645787
What are the prime factors of 25526491?
25526491
What are the prime factors of 586491?
3, 195497
What are the prime factors of 50345?
5, 10069
What are the prime factors of 19351946?
2, 1171, 8263
What are the prime factors of 1273628?
2, 318407
What are the prime factors of 753625?
5, 6029
List the prime factors of 202316.
2, 37, 1367
What are the prime factors of 587634?
2, 3, 37, 2647
What are the prime factors of 230616?
2, 3, 3203
List the prime factors of 5399357.
283, 19079
List the prime factors of 234454.
2, 11, 10657
List the prime factors of 1144937.
487, 2351
What are the prime factors of 1646306?
2, 823153
List the prime factors of 469846.
2, 13, 17, 1063
List the prime factors of 3127143.
3, 1042381
What are the prime factors of 139993?
7, 2857
List the prime factors of 174638.
2, 29, 3011
List the prime factors of 7046602.
2, 17, 23, 9011
List the prime factors of 5737220.
2, 5, 37, 7753
What are the prime factors of 156533?
13, 12041
What are the prime factors of 12543768?
2, 3, 58073
What are the prime factors of 7297071?
3, 2432357
List the prime factors of 554023.
67, 8269
What are the prime factors of 185221?
185221
What are the prime factors of 13937033?
11, 103, 12301
What are the prime factors of 12156266?
2, 103, 59011
What are the prime factors of 1501972?
2, 463, 811
List the prime factors of 15862911.
3, 1949, 2713
List the prime factors of 7516087.
7516087
What are the prime factors of 127543?
13, 9811
What are the prime factors of 11429391?
3, 73, 52189
What are the prime factors of 18544728?
2, 3, 772697
What are the prime factors of 1889659?
163, 11593
What are the prime factors of 361940?
2, 5, 18097
What are the prime factors of 1553408?
2, 37, 41
List the prime factors of 3416203.
7, 139, 3511
List the prime factors of 2130258.
2, 3, 13, 31, 881
What are the prime factors of 2474327?
31, 79817
What are the prime factors of 523102?
2, 29, 311
List the prime factors of 9942118.
2, 23, 216133
List the prime factors of 20175290.
2, 5, 2017529
List the prime factors of 2639626.
2, 11, 119983
What are the prime factors of 12640898?
2, 167, 37847
List the prime factors of 665069.
665069
What are the prime factors of 351490?
2, 5, 35149
What are the prime factors of 15031083?
3, 5010361
List the prime factors of 528706.
2, 264353
List the prime factors of 2012938.
2, 1006469
List the prime factors of 519776.
2, 37, 439
What are the prime factors of 87931?
87931
What are the prime factors of 1813357?
7, 13, 19927
What are the prime factors of 1344876?
2, 3, 13, 37, 233
List the prime factors of 130928.
2, 7, 167
List the prime factors of 1020830.
2, 5, 31, 37, 89
List the prime factors of 715448.
2, 89431
List the prime factors of 13192901.
17, 193, 4021
List the prime factors of 425454.
2, 3, 23, 3083
List the prime factors of 342008.
2, 42751
List the prime factors of 4785307.
4785307
What are the prime factors of 212569?
7, 30367
List the prime factors of 11784.
2, 3, 491
What are the prime factors of 4602453?
3, 1534151
What are the prime factors of 152057?
19, 53, 151
List the prime factors of 5623297.
19, 37, 421
List the prime factors of 26316885.
3, 5, 7, 53, 4729
List the prime factors of 7201311.
3, 13, 184649
List the prime factors of 652862.
2, 7, 46633
What are the prime factors of 246430?
2, 5, 19, 1297
What are the prime factors of 1106694?
2, 3, 61483
What are the prime factors of 1852008?
2, 3, 77167
What are the prime factors of 605970?
2, 3, 5, 6733
List the prime factors of 99196.
2, 24799
List the prime factors of 1411392.
2, 3, 7351
List the prime factors of 715143.
3, 11, 13, 1667
What are the prime factors of 163599?
3, 23, 2371
What are the prime factors of 287570?
2, 5, 149, 193
List the prime factors of 13408733.
13, 17, 43, 83
List the prime factors of 294822.
2, 3, 11, 1489
What are the prime factors of 1000006?
2, 7, 71429
List the prime factors of 1354856.
2, 163, 1039
What are the prime factors of 7397224?
2, 389, 2377
List the prime factors of 1258149.
3, 419383
List the prime factors of 178597.
178597
List the prime factors of 8712703.
43, 202621
What are the prime factors of 1461543?
3, 197, 2473
What are the prime factors of 910944?
2, 3, 3163
List the prime factors of 51592.
2, 6449
What are the prime factors of 205093?
7, 83, 353
What are the prime factors of 206328?
2, 3, 8597
List the prime factors of 5243869.
5243869
What are the prime factors of 171421?
37, 41, 113
What are the prime factors of 276481?
151, 1831
List the prime factors of 169541.
17, 9973
What are the prime factors of 3950402?
2, 1975201
List the prime factors of 2224080.
2, 3, 5, 3089
What are the prime factors of 24436712?
2, 3054589
List the prime factors of 13791812.
2, 23, 149911
What are the prime factors of 277657?
277657
What are the prime factors of 100688?
2, 7, 29, 31
List the prime factors of 5205525.
3, 5, 13, 19, 281
List the prime factors of 408549.
3, 23, 31, 191
List the prime factors of 315921.
3, 31, 43, 79
What are the prime factors of 5453850?
2, 3, 5, 103, 353
What are the prime factors of 25632101?
11, 2330191
List the prime factors of 1100140.
2, 5, 67, 821
List the prime factors of 237645.
3, 5, 5281
What are the prime factors of 144590?
2, 5, 19, 761
List the prime factors of 6388111.
1019, 6269
What are the prime factors of 1835783?
977, 1879
What are the prime factors of 620842?
2, 53, 5857
What are the prime factors of 852283?
19, 31, 1447
What are the prime factors of 13510905?
3, 5, 569, 1583
What are the prime factors of 5445350?
2, 5, 108907
What are the prime factors of 465073?
7, 29, 79
List the prime factors of 4518057.
3, 761, 1979
What are the prime factors of 72196?
2, 18049
List the prime factors of 2741359.
229, 11971
What are the prime factors of 1939271?
59, 32869
What are the prime factors of 24192741?
3, 31, 260137
What are the prime factors of 25879243?
13, 37, 173, 311
List the prime factors of 808382.
2, 404191
What are the prime factors of 6911712?
2, 3, 103, 233
List the prime factors of 210019.
210019
List the prime factors of 3290731.
1487, 2213
What are the prime factors of 1544099?
163, 9473
List the prime factors of 745367.
7, 233, 457
List the prime factors of 13303434.
2, 3, 41, 1319
List the prime factors of 112321.
11, 10211
What are the prime factors of 278053?
101, 2753
List the prime factors of 5568852.
2, 3, 23, 20177
List the prime factors of 14615475.
3, 5, 7, 41, 97
List the prime factors of 420740.
2, 5, 109, 193
What are the prime factors of 1454067?
3, 161563
What are the prime factors of 1841517?
3, 204613
List the prime factors of 819738.
2, 3, 45541
List the prime factors of 1103005.
5, 59, 3739
What are the prime factors of 2538363?
3, 251, 3371
What are the prime factors of 350566?
2, 23, 7621
What are the prime factors of 318823?
318823
What are the prime factors of 5922289?
5922289
What are the prime factors of 7976?
2, 997
List the prime factors of 1748636.
2, 437159
List the prime factors of 294277.
294277
What are the prime factors of 8609467?
41, 209987
What are the prime factors of 24272397?
3, 229, 11777
List the prime factors of 900222.
2, 3, 59, 2543
List the prime factors of 2507511.
3, 137, 6101
List the prime factors of 6832731.
3, 59, 38603
List the prime factors of 6355.
5, 31, 41
List the prime factors of 4036073.
97, 41609
What are the prime factors of 20499917?
19, 1078943
What are the prime factors of 105981?
3, 35327
What are the prime factors of 15913014?
2, 3, 13, 204013
List the prime factors of 33475596.
2, 3, 7, 11, 36229
List the prime factors of 8203836.
2, 3, 683653
List the prime factors of 23236728.
2, 3, 968197
List the prime factors of 693